nits digit of (-64)/(-2) + -2 + o?
2
Suppose u + 100 = 5*u. What is the tens digit of u?
2
Let b(k) = 144*k + 17. What is the units digit of b(1)?
1
Let w be (-32*1)/(1/(-2)). Suppose 4*k - w = -0*k. What is the units digit of k?
6
Suppose 2*p + 28 = 3*p. What is the units digit of p?
8
Let t(c) = 2*c**2 + 10*c + 8. Let a be t(-6). Suppose 3*g + a = -g. Let s(x) = -2*x + 3. What is the tens digit of s(g)?
1
Let m = -7 + 3. What is the units digit of 10/2*m/(-4)?
5
Suppose 0 = -5*l + m + 31 + 34, 4*m = 2*l - 8. What is the tens digit of l?
1
Let s(g) = g**2 + 8*g + 6. Let t be s(-8). Let q(v) = v**3 - 4*v**2 - 7*v + 8. What is the tens digit of q(t)?
3
Let s(y) = 3*y**3 - 3*y**2 + 14*y - 15. What is the tens digit of s(5)?
5
Let r(x) = -3*x + 1. Let h(w) = 7*w**2 - 2*w + 1. Let s be h(1). Let t be (-11)/3 + s/9. What is the units digit of r(t)?
0
Let a = -22 + 39. Suppose 2*z + 5 = a. What is the units digit of z?
6
Suppose -170 = -5*m + 640. What is the units digit of m?
2
Let i = 2 - 0. Suppose 2*v - v = p + i, -3*p + 24 = 3*v. Suppose -a + p*h = -9, -2*a + 11 = 5*h - 7. What is the units digit of a?
9
Let q be (1 + -4 - 0) + 6. Let t = -2 + q. What is the units digit of ((-77)/(-21))/(t/3)?
1
Suppose 3*x + 36 - 144 = 0. What is the tens digit of x?
3
Let n(x) = x + 16. Let q be n(-7). Let y(a) = a + 8. What is the tens digit of y(q)?
1
Let f be 2/2*1 + -7. What is the units digit of -1 + (4 - f/(-3))?
1
Let f = -10 + 42. What is the tens digit of f?
3
Suppose -3*v - 12 = -3*i, 3*v + 0*i + i = 0. Let d = 1 - v. Suppose d*w = 3*w, r = 2*w + 13. What is the units digit of r?
3
Let s = -31 + 45. Suppose 0 = -3*d - 2*j - 3, -2*d - 3*d + 3*j = -s. What is the units digit of d?
1
Suppose -413 = -2*x + 97. What is the tens digit of x?
5
Let w(y) = -2*y - 1. Let g(f) = f**3 + 6*f**2 + 2*f + 9. Let u be g(-6). Let h be w(u). Suppose 5 = h*i - 30. What is the units digit of i?
7
Let g(r) be the first derivative of -r**2/2 + 6*r + 3. Let a be g(6). Suppose a = -c + 2 + 1. What is the units digit of c?
3
Let v be 0 + (2 - 3) - 0. Let o = v - -7. Let t(g) = g**3 - 5*g**2 - 5*g - 3. What is the units digit of t(o)?
3
Suppose 6*l = 2*l + 60. Suppose 0 = -c - 0 + 3. What is the units digit of 10/l - (-49)/c?
7
Suppose 5*n - 26 + 1 = 5*v, 0 = v + n + 5. Let t(h) = h**2 + 3*h - 7. Let a be t(v). Suppose a*o = -0*o + 12. What is the units digit of o?
4
Let n(i) = i**3 + 2*i**2 - 6*i + 6. Let l(u) = u**2 - 5*u + 3. Let m be l(5). What is the tens digit of n(m)?
3
Let f(x) = -x**3 - 6*x**2 - 2*x - 7. Let j be f(-6). Let k = 33 + -8. Suppose -j*d + k = 0, -4*b + 2*d - 4*d + 66 = 0. What is the tens digit of b?
1
Let w(f) be the third derivative of -1/60*f**5 - 5/24*f**4 - 3*f**2 + 0*f + 1/3*f**3 + 0. What is the units digit of w(-5)?
2
Suppose -2*x + 3*z + 28 = 0, -8*x + 3*x - 3*z = -112. Suppose 2*a - x = -0*a. What is the units digit of a?
0
Suppose -4*b = 3*z - 14, -b + 0 = 3*z + 1. Suppose 1 = b*g - 9. What is the units digit of g?
2
Let w be 1 - 1 - (-4)/4. Let u = 6 - 4. Let g = u + w. What is the units digit of g?
3
Suppose -3*y + 160 = 10. What is the tens digit of y?
5
Let g be ((-15)/(-4))/((-2)/(-8)). Suppose -g = -2*p - 3*p. What is the units digit of 1/(p/(-63)*-3)?
7
Suppose -3*o + 20 = o. Suppose 0*l - 90 = o*l. What is the units digit of (-6)/(-5)*(-240)/l?
6
Let q(d) = -d**3 - d**2 - 12*d + 6. What is the units digit of q(-6)?
8
Suppose u - 182 = -5*o, -3*u - 5*o + 930 = 2*u. What is the tens digit of u?
8
Let u(a) = -a**2 - a + 98. Let j be u(0). Suppose 4*w + 4 - 86 = -2*t, -t + j = 5*w. What is the units digit of w?
9
Let q(p) = 5 + 0*p**2 - 3 - 2*p + p - p**2. Let t be q(-2). Let z = 2 - t. What is the units digit of z?
2
What is the units digit of ((-510)/(-6))/5*(-1 + 11)?
0
Suppose -3*t + 138 = 6. What is the tens digit of t?
4
Let m = -2 - 0. What is the units digit of -1 + (-2 - 16)/m?
8
What is the units digit of 7 - (-3 + 1 + 4)?
5
Let m(f) = -7*f. Let l(o) = -o**3 + o**2 - 3. Let c be l(0). What is the tens digit of m(c)?
2
Suppose 0 = -0*x + 5*x - 20. Suppose -q + 110 = x*q. What is the units digit of q?
2
Let v = -47 + 96. What is the units digit of v?
9
Suppose -v - y + 10 = 0, 3*v = -4*y + 18 + 12. Let w be ((-24)/10)/(2/v). What is the units digit of (-30)/(-4)*w/(-18)?
5
Let f be (-20)/(-50) - 134/10. Let n = f + 19. What is the units digit of n?
6
Let z be 2/(-4)*(-30)/5. Let x = 4 + z. What is the units digit of x?
7
Let q(z) = -5*z**3 - 2*z**2 - 4*z - 2. What is the tens digit of q(-2)?
3
Let s(w) = 2*w**2 - 4*w - 2. What is the tens digit of s(6)?
4
Suppose -2*h - 2*a + 178 = 0, 2*a - 265 - 183 = -5*h. What is the units digit of h?
0
Let o = 2 + -2. Suppose 0 = -o*s - 4*s, -5*s = 4*u - 28. What is the units digit of u?
7
Let w = -5 - -10. Let j be w/20 - (-21)/(-4). What is the units digit of -3 - j/((-15)/(-12))?
1
Suppose -2*o + 7*o = -4*b - 3, 6 = -b - 3*o. Let k(u) = -5 + 1 - 3*u + u + 2*u**2. What is the units digit of k(b)?
8
Suppose -4*j - 20 = 5*l, 0*j + 20 = -5*j - 5*l. Suppose j = 3*d - 6*d + 24. What is the units digit of d?
8
Let n(i) = 4*i + 6. What is the units digit of n(11)?
0
Suppose 0 = -2*b - u + 9, -3*u = -2*b - 8 + 37. Suppose -5*p + b = 5*x - 2*p, -x + 7 = 2*p. What is the units digit of 5 - (1 - x) - -4?
7
Suppose 2*a - 57 = 109. What is the tens digit of a?
8
Let o be 28/42 - 4/6. Suppose 3*t - 41 - 1 = o. What is the tens digit of t?
1
Suppose -5*v + 4*a = -v - 16, -4*v - 5*a = -43. Let l = v - -10. What is the units digit of l?
7
Let q(l) = -l - 6. Suppose 30 = -3*m - z, 0*z = -2*m + 3*z - 20. Let a be q(m). Suppose a*g - 20 = -4*k, 0 = -2*k - g + 14 - 1. What is the units digit of k?
8
Let m = 0 + -1. What is the tens digit of (-150)/(-6) - m/(-1)?
2
Let p(c) = -3*c + 12. Let l(r) = -10*r**3 + 2*r**2 - 1. Let f be l(1). What is the units digit of p(f)?
9
Let v(z) = z**2 - z - 1. Let p(n) = -n**3 + n**2 + 6*n + 5. Let m(x) = -p(x) - 4*v(x). What is the tens digit of m(6)?
2
Let l be 691/9 + (-2)/(-9). Suppose -5*i + 53 = -l. What is the units digit of i?
6
Let w(f) = -f**3 + 9*f**2 - 8*f - 1. Let i be w(8). What is the units digit of (-19 + (-8)/(-4))*i?
7
Let t = -115 - -271. What is the units digit of t?
6
Suppose 2*n - 2*u - 28 = -2*n, 26 = 3*n + u. Let c = 11 - n. What is the units digit of c?
3
Let a = 4 + -4. Let u(z) = 1 + 6*z**2 + 0 + a*z + 0*z. What is the units digit of u(-1)?
7
Suppose -67 - 86 = -3*y. What is the tens digit of y?
5
Suppose 0 = 2*d - d + 11. Let z = -7 - d. What is the units digit of z?
4
Suppose -3*x - 25 = -4*j, -2*j + 14 = -x - x. Suppose 3*y - 64 = -4*r, j*r - 8 = -3*y + 2*y. What is the tens digit of 316/y - (-4)/(-14)?
1
Let q be -4*(0 - -3)/3. What is the units digit of q/(-1) + 6/(-2)?
1
Let s = -26 - -37. What is the units digit of s?
1
What is the tens digit of (-4 + 3 + (-3)/3)*-17?
3
Suppose 0*n - 5 = -b + 2*n, 7 = -5*b + 2*n. What is the units digit of 1*-2*b/6?
1
Let u = -4 + 6. Suppose 0 = -0*n + n - u. Suppose b - 5*b + 3*t + 16 = 0, n*t = -2*b + 22. What is the units digit of b?
7
Let a = -165 + 270. Let l = -69 + a. What is the units digit of l?
6
Let y = 9 - 4. Suppose y*k + 11 = 2*f, -2*k = 1 + 1. What is the units digit of f?
3
Let c(g) = g**2 + 14*g - 11. Let s be c(-15). Suppose -5*i - 22 = -x, 3*x = s*x - 3*i - 28. What is the tens digit of x?
3
Suppose -4*b + 32 = -0*b + 5*u, 0 = 4*b - 5*u - 72. What is the tens digit of b?
1
Suppose f = -1, c = 5*c + 4*f - 16. Let k(m) = -m**3 + 7*m**2 - 6*m + 1. What is the units digit of k(c)?
1
Let d(b) = -2*b**3 + 4*b**2 - 2*b - 2. Let r = 2 - -1. Let u be d(r). Let n = -17 - u. What is the units digit of n?
9
Let n be 30/7 + (-12)/42. Suppose -n*h - 5*f - 4 = -f, 4 = 5*h + 2*f. What is the units digit of h?
2
Let a(t) = -t**3 + 11*t**2 - 10*t. Let s be a(10). What is the units digit of (0 - s) + -1 + 5?
4
Let q(n) = 14*n - 5. Let l be q(5). Let c = l + -35. What is the units digit of c?
0
Suppose -2*c - 5*a = -3*c + 44, 5*c = a + 124. What is the units digit of c?
4
Suppose -3*d + 211 = -32. Suppose -79 = -5*y + d. What is the tens digit of y?
3
Suppose -9 = -2*r - 3. Let h = r + -1. Suppose 0 = 2*d - h - 14. What is the units digit of d?
8
Let d = 32 - -16. What is the units digit of d?
8
Let z(h) = 4*h